-59. Let d(u) = -u**3 + 10*u**2 - 9*u + 9. Calculate the remainder when 13 is divided by d(x).
4
Let v(f) = 61*f**2 + 3*f - 2. Suppose 7*j + 4*x - 13 = 2*j, j + 7 = 4*x. What is the remainder when v(j) is divided by -34*(-4 - 28/(-8))?
11
Suppose 5*j + 2*d = 161, -2*j + d + 3*d + 74 = 0. Suppose g - j = -3*h + 34, -213 = -4*g - h. Let b(c) = 3*c. What is the remainder when g is divided by b(6)?
16
Let z = -39 + 16. Let b = 76 - 74. What is the remainder when 68 is divided by (z/b)/((-9)/18)?
22
Suppose -3*p + 3 + 18 = 0. Suppose 5*m + 20 = p*m. Calculate the remainder when 39 is divided by m.
9
Let n = -94 - -132. What is the remainder when 330*(-4 + 39/9) is divided by n?
34
Let p(s) = -2*s**2 + 3 - 4*s**3 - s + 3*s + 0*s**3. Calculate the remainder when 60 is divided by p(-2).
14
Suppose 2*z = p - 0*z - 110, z = -2. Suppose 12*w - 2051 = -1907. What is the remainder when p is divided by w?
10
Suppose -5*n - r + 70 = 0, -5 = -n + 2*r - 2. Let z(d) = 39*d - 3. What is the remainder when z(1) is divided by n?
10
Let a(n) = n**3 + 39*n**2 + 66*n - 161. What is the remainder when a(-37) is divided by 26?
5
Suppose o - 4 = 4*z + 2, z = o. What is the remainder when (13 - -7) + (-1 - o) is divided by 11?
10
Suppose -7*m - 4*m = -1595. Calculate the remainder when m is divided by 49.
47
Suppose 0 = 5*f - 3*d, -2*d = f - 6*d. Suppose f = -z + 4*z - 87. Calculate the remainder when 55 is divided by z.
26
Let w(u) = u**2 + 6*u + 36. What is the remainder when w(-5) is divided by 15 + 3 + -3 + 2?
14
Let c(q) = q - 5. Let p be c(5). Let k(g) = g + 48. What is the remainder when k(p) is divided by 17?
14
Suppose z - 3*z = -4*r - 26, z = r + 9. Suppose 3*b + 17 = -1. Calculate the remainder when z is divided by b*(-2 + -2)/8.
2
Suppose -3585 + 1425 = -15*r. What is the remainder when r is divided by 73?
71
Let j(n) = 626*n - 5. Calculate the remainder when j(1) is divided by 25.
21
Let c = -31 - -33. Suppose -2*x = -c*t - t - 55, 0 = -3*x + 3*t + 75. What is the remainder when 379/5 - 1/(-5) is divided by x?
16
Let n = 104 + -66. Calculate the remainder when 66 is divided by n.
28
Suppose v - 146 = -31. What is the remainder when v is divided by 30?
25
Suppose -2*x = 5*s + 11, 3*x - 3*s - 18 = s. Suppose 3*n = 5*a - 85, 5*n = -x*a + 1 + 2. What is the remainder when 63 is divided by a?
7
Suppose 0 = 5*u + 4*d - 35, 3*u = -d + 30 - 2. What is the remainder when 1042 is divided by u?
8
Suppose 35 = x - 2*z, 126 = 3*x - 3*z + 15. Suppose -5*i + 965 = -2*k, 489 = 4*i - 3*k - 283. Calculate the remainder when i is divided by x.
37
Suppose 494 - 141 = 2*d - a, 5*a = 4*d - 709. Suppose 12*w - d = w. What is the remainder when 46 is divided by w?
14
Suppose 0 = 2*a - 39 + 3. Let b = 7 - 9. What is the remainder when (b + 4/8)*-22 is divided by a?
15
Suppose -2*u + 3*z + 11 = 0, 2*z - 4 = -u + 3*z. Let c be (-1)/(-2)*(-1 + u). Suppose -8*l + 3*l + 290 = c. What is the remainder when l is divided by 12?
10
Suppose -3*m + 20 = 2*m. Suppose -5*c + m*q = -80, c - q + 48 = 4*c. Let s = c + -2. What is the remainder when 41 is divided by s?
13
Let c(p) = 14*p + 2. Let s be (-6)/18 - (1085/(-3))/5. Let o = -57 + s. What is the remainder when c(4) is divided by o?
13
Let p be 1*(4 + -1) - (65 - -2). Let l = -44 - p. What is the remainder when 117 is divided by l?
17
Suppose -9*b - 174 + 1821 = 0. What is the remainder when b is divided by 37?
35
Suppose -2*p + 1126 = -54. Calculate the remainder when p is divided by 16.
14
Suppose c = 13 - 2. Suppose -3*z - 5*x + 10*x + 74 = 0, 3*z = x + 58. What is the remainder when z is divided by c?
7
Suppose -60 = 6*o - 132. Calculate the remainder when 476 is divided by o.
8
Suppose 3*v + 7*k = 11*k + 397, -2*v + 4*k = -266. Calculate the remainder when v is divided by 34.
29
Suppose z = 2*z - 5. Suppose -z*t - x + 194 = 0, -7*x + 3*x = -16. What is the remainder when t is divided by 10?
8
What is the remainder when (-40110)/(-62) + 266/4123 is divided by 10?
7
Let s(n) = -n**3 + 16*n**2 - 9*n + 5. Let z be s(6). Suppose 5*k = z - 21. Calculate the remainder when k is divided by 15.
13
Suppose -4 = -4*m - 152. Let o = m + 46. Let z = -2 - -5. What is the remainder when o is divided by z?
0
Let n(b) = 125*b + 1012. Calculate the remainder when 273 is divided by n(-8).
9
Suppose -f = -5*i - 4, -4*f - 7*i = -9*i - 16. What is the remainder when -11*((-6)/3 - -1) is divided by f?
3
Calculate the remainder when 172 is divided by (-10)/(-30) - (2 - 370/6).
52
Let n(j) = -49*j + 6. Suppose 4*x + 5*k - 1 = 6, -3 = -k. What is the remainder when n(x) is divided by 35?
34
Let s = 625 + -449. Calculate the remainder when s is divided by 15.
11
Let w be 1296*(20/4 + -3 - 1). Suppose -13*z + w = -7*z. Calculate the remainder when z is divided by 55.
51
Let n(c) = -7 - 1 - 11*c - 6 - c - c**2. Let w be n(-6). Let i = w + -18. Calculate the remainder when 12 is divided by i.
0
Suppose 3*y - 2 - 4 = 0. Let m = -59 + 99. Suppose 8*n + 0*n - m = 0. What is the remainder when n is divided by y?
1
Let h = 1791 + -1199. What is the remainder when h is divided by 54?
52
Let h = 213 - 193. Calculate the remainder when h is divided by 5.
0
Let i(q) be the first derivative of 21*q**2/2 - 12*q + 38. Calculate the remainder when i(3) is divided by 26.
25
Let j = 52 - 46. Suppose -4*f = -34 - j. Calculate the remainder when 11 is divided by f.
1
Let i = 13 - 15. Calculate the remainder when 2 is divided by 4/8*i*-1.
0
Let r(c) = -4*c + 4. Let g be r(1). Suppose g*o - 5*n + 21 = 2*o, -4*o + 3*n = -3. Calculate the remainder when 10 is divided by o.
1
Let a(f) = 2*f**2 + 5*f + 1. Calculate the remainder when a(-5) is divided by (-759)/(-51) + (-2)/(-17) + -7.
2
Let t = -122 - -140. Let h be (4/(-6))/((-1)/6). Calculate the remainder when t is divided by (-1)/(-4) - (-19)/h.
3
Let u(x) = -x - 1. Let j be u(-3). Suppose -g = j*g - 39. What is the remainder when ((-6)/(-10))/(216/22320) is divided by g?
10
Let i(b) = -3*b**3 + b. Let s be i(-1). Suppose 46 = s*u + 12. What is the remainder when 33 is divided by u?
16
Let v(g) = 4*g - 1 + 6 - g**3 - g. Suppose k + 0*k - 27 = 0. Calculate the remainder when k is divided by v(-2).
6
Suppose a + 32 = 3*z + 2*a, -2*z + 36 = -3*a. Calculate the remainder when 14 is divided by z.
2
Suppose 3*s - 38 = -5*z + 3, s - 9 = -z. Let d(m) = 164*m + 825. What is the remainder when z is divided by d(-5)?
2
Suppose 53*m - 56*m - 292 = -733. Suppose -b + 12 + 30 = 4*o, 5*b = -2*o + 156. What is the remainder when m is divided by b?
27
Let o(m) = -m**3 + 8*m**2 - 2*m + 5. Let g = -183 + 206. Calculate the remainder when o(6) is divided by g.
19
Calculate the remainder when ((-4)/6)/(4/18) + 153 is divided by 51.
48
Let c be -5 - ((5 - 5) + 5). What is the remainder when (-5)/c - ((-228)/8 - 3) is divided by 17?
15
Let h = 17 + 482. Calculate the remainder when h is divided by 10.
9
Let s(p) = 2*p**2 - p - 1. Let z be s(-1). What is the remainder when 14 is divided by ((-18)/(-54))/(z/36)?
2
Let m be ((-8)/4)/2 + -15. Calculate the remainder when 131 is divided by 15/(m/(-12) + -1).
41
Suppose 3*y + 0*y = 21. Let i be (39/(-2))/(4/16). Calculate the remainder when i/8*(-24)/9 is divided by y.
5
Let y be 3/12 + 279/(-12). Let a be (-12 + 5/((-5)/(-3)))*-3. Let q = y + a. What is the remainder when 7 is divided by q?
3
Let q(o) = 25*o**2 - 15*o + 1. What is the remainder when q(-8) is divided by 21?
20
Let o be 3/2*108/(-81). Calculate the remainder when 10*o/((-4)/120*8) is divided by 26.
23
Let t(w) = -3*w**3 - 5*w**2 - 3*w - 4. Suppose -3*l - 5 = 5*n - 2, n + 2*l - 5 = 0. What is the remainder when 161 is divided by t(n)?
38
Let v = -74 + 109. Suppose v = 5*n - 120. What is the remainder when n is divided by 16?
15
Suppose -2*b + 11 = 2*t - 5, -2*b = t - 7. Let p = 7 - 3. Calculate the remainder when t is divided by p.
1
Suppose -r - 11 = 3*f - 140, -5*f - 4*r = -215. Let t = 53 - f. Calculate the remainder when 17 is divided by t.
7
Suppose -3*h = -7*h + 116. Suppose -15 = -4*j + h. What is the remainder when ((-8)/(-1) - 70)/(-2) is divided by j?
9
Let c = 473 + -278. Calculate the remainder when c is divided by 107.
88
Let l = -229 - -239. Calculate the remainder when 68 is divided by l.
8
Suppose 5*p = 1188 + 5657. Calculate t